11?
-4
-101 (base 5) to base 9
-28
Convert -301 (base 5) to base 16.
-4c
-5 (base 15) to base 8
-5
Convert -1 (base 16) to base 7.
-1
What is a (base 12) in base 10?
10
Convert 39 (base 16) to base 4.
321
-56 (base 9) to base 10
-51
What is 100 (base 2) in base 14?
4
Convert -103 (base 4) to base 2.
-10011
Convert -10 (base 3) to base 9.
-3
What is -6 (base 10) in base 16?
-6
-63 (base 11) to base 14
-4d
Convert 23 (base 11) to base 8.
31
Convert -104 (base 5) to base 8.
-35
-4 (base 12) to base 14
-4
Convert -f (base 16) to base 9.
-16
What is 37 (base 16) in base 8?
67
Convert -2b (base 15) to base 7.
-56
325 (base 7) to base 3
20011
What is -3c (base 15) in base 11?
-52
221 (base 4) to base 3
1112
Convert 30 (base 8) to base 7.
33
-12 (base 3) to base 13
-5
13 (base 10) to base 9
14
-27 (base 16) to base 13
-30
What is -1 (base 6) in base 3?
-1
1000 (base 2) to base 11
8
What is 9c (base 15) in base 2?
10010011
Convert -5 (base 14) to base 9.
-5
What is 7 (base 9) in base 11?
7
Convert -12 (base 6) to base 7.
-11
What is -19 (base 10) in base 13?
-16
Convert 14 (base 15) to base 4.
103
-12 (base 4) to base 3
-20
Convert -4 (base 10) to base 7.
-4
What is 2 (base 16) in base 14?
2
22 (base 11) to base 16
18
What is b (base 12) in base 11?
10
What is 148 (base 9) in base 16?
7d
76 (base 12) to base 8
132
What is 20 (base 5) in base 16?
a
174 (base 8) to base 2
1111100
-3 (base 16) to base 5
-3
What is 12210 (base 3) in base 7?
312
Convert -110001 (base 2) to base 3.
-1211
What is 8 (base 12) in base 2?
1000
What is -12 (base 12) in base 15?
-e
What is -46 (base 15) in base 10?
-66
Convert -b (base 14) to base 5.
-21
Convert 5 (base 7) to base 9.
5
0 (base 3) to base 2
0
What is -2000 (base 3) in base 6?
-130
-11 (base 2) to base 4
-3
What is 0 (base 16) in base 9?
0
Convert 52 (base 9) to base 2.
101111
-37 (base 11) to base 7
-55
What is -11 (base 2) in base 12?
-3
What is -18 (base 11) in base 7?
-25
-15 (base 12) to base 8
-21
Convert -111 (base 3) to base 9.
-14
Convert -3 (base 11) to base 15.
-3
Convert 403 (base 5) to base 7.
205
What is -23 (base 14) in base 2?
-11111
What is -67 (base 9) in base 12?
-51
What is -33 (base 10) in base 15?
-23
-22 (base 5) to base 8
-14
-63 (base 7) to base 8
-55
What is -49 (base 16) in base 14?
-53
Convert -533 (base 6) to base 16.
-c9
-1012 (base 3) to base 8
-40
Convert -7 (base 11) to base 12.
-7
7 (base 15) to base 16
7
What is -3 (base 7) in base 3?
-10
-11 (base 3) to base 8
-4
Convert 117 (base 11) to base 4.
2023
Convert -33 (base 5) to base 12.
-16
What is 0 (base 11) in base 6?
0
Convert -29 (base 14) to base 4.
-211
Convert 3 (base 13) to base 10.
3
-32 (base 4) to base 11
-13
-4 (base 16) to base 3
-11
-1432 (base 5) to base 8
-362
-314 (base 6) to base 15
-7d
Convert -2 (base 15) to base 9.
-2
What is -105 (base 9) in base 5?
-321
385 (base 9) to base 6
1252
What is 7 (base 9) in base 4?
13
What is 276 (base 9) in base 2?
11100111
What is -1 (base 2) in base 9?
-1
What is 12 (base 4) in base 8?
6
Convert 4c (base 14) to base 8.
104
-1 (base 9) to base 2
-1
-38 (base 14) to base 12
-42
-17 (base 14) to base 9
-23
What is -12 (base 7) in base 8?
-11
210 (base 4) to base 8
44
Convert -a (base 14) to base 15.
-a
-169 (base 11) to base 8
-304
Convert 10020 (base 4) to base 6.
1120
What is -41 (base 8) in base 11?
-30
What is -2 (base 3) in base 8?
-2
-11 (base 9) to base 6
-14
Convert 2 (base 14) to base 6.
2
What is -1 (base 11) in base 2?
-1
What is -3 (base 8) in base 12?
-3
What is -15 (base 11) in base 15?
-11
What is 91 (base 13) in base 6?
314
Convert 60 (base 13) to base 12.
66
What is 1010 (base 5) in base 3?
11211
Convert 1 (base 13) to base 10.
1
1230 (base 5) to base 14
d8
-2 (base 7) to base 11
-2
What is c3 (base 14) in base 10?
171
What is 9b (base 14) in base 4?
2021
Convert -28 (base 12) to base 7.
-44
a (base 13) to base 9
11
Convert 16 (base 10) to base 14.
12
Convert 34 (base 16) to base 5.
202
What is -1 (base 3) in base 4?
-1
4 (base 11) to base 2
100
-4 (base 16) to base 8
-4
10 (base 3) to base 6
3
Convert -4 (base 15) to base 5.
-4
What is 4 (base 9) in base 7?
4
-11 (base 5) to base 15
-6
0 (base 16) to base 2
0
-1 (base 11) to base 12
-1
What is 1 (base 4) in base 10?
1
Convert 12 (base 7) to base 6.
13
What is 1 (base 5) in base 11?
1
What is a (base 12) in base 6?
14
Convert -2 (base 8) to base 7.
-2
-1244 (base 6) to base 8
-474
-7 (base 16) to base 4
-13
What is 132 (base 9) in base 12?
92
-1 (base 6) to base 16
-1
What is 215 (base 8) in base 6?
353
What is 104 (base 10) in base 13?
80
Convert 37 (base 11) to base 9.
44
Convert -d2 (base 15) to base 3.
-21022
0 (base 8) to base 11
0
2 (base 12) to base 2
10
What is 22 (base 8) in base 13?
15
Convert -6 (base 16) to base 15.
-6
-20 (base 4) to base 8
-10
-72 (base 9) to base 7
-122
Convert 14 (base 7) to base 12.
b
-104 (base 5) to base 6
-45
Convert -72 (base 9) to base 5.
-230
What is 0 (base 13) in base 4?
0
What is 2 (base 14) in base 6?
2
Convert -5 (base 15) to base 8.
-5
What is -4 (base 15) in base 16?
-4
What is 9 (base 12) in base 10?
9
What is -205 (base 9) in base 12?
-11b
Convert 25 (base 16) to base 2.
100101
Convert -14 (base 12) to base 14.
-12
What is 7 (base 13) in base 15?
7
Convert -31 (base 16) to base 10.
-49
What is c (base 14) in base 2?
1100
110 (base 2) to base 5
11
What is 0 (base 8) in base 11?
0
Convert -10 (base 3) to base 8.
-3
42 (base 8) to base 4
202
Convert -158 (base 11) to base 12.
-134
What is 0 (base 10) in base 14?
0
22 (base 12) to base 16
1a
-1243 (base 5) to base 16
-c6
4 (base 14) to base 16
4
What is -111 (base 13) in base 15?
-c3
What is -11 (base 2) in base 13?
-3
What is -6 (base 15) in base 6?
-10
Convert 2 (base 3) to base 5.
2
What is -b (base 15) in base 9?
-12
526 (base 7) to base 14
14d
1 (base 13) to base 3
1
Convert -10 (base 6) to base 2.
-110
Convert -3 (base 15) to base 13.
-3
What is 5 (base 8) in base 3?
12
Convert -3 (base 6) to base 14.
-3
What is -1e (base 16) in base 5?
-110
Convert -26 (base 16) to base 5.
-123
Convert 0 (base 14) to base 10.
0
Convert 13 (base 4) to base 2.
111
What is -a (base 11) in base 8?
-12
What is 8 (base 16) in base 13?
8
Convert 0 (base 13) to base 4.
0
Convert -120 (base 8) to base 6.
-212
-b4 (base 12) to base 16
-88
Convert 14 (base 6) to base 8.
12
What is -21 (base 5) in base 7?
-14
What is -3 (base 16) in base 14?
-3
What is 101000101 (base 2) in base 8?
505
What is 9 (base 14) in base 2?
1001
-1 (base 2) to base 8
-1
What is 100 (base 2) in base 3?
11
What is 6 (base 16) in base 10?
6
-14 (base 8) to base 11
-11
86 (base 9) to base 15
53
-121 (base 10) to base 4
-1321
Convert 1230 (base 4) to base 5.
413
Convert c (base 16) to base 15.
c
-53 (base 14) to base 7
-133
4 (base 8) to base 9
4
What is -4 (base 6) in base 5?
-4
What is -15 (base 14) in base 13?
-16
2 (base 4) to base 2
10
1 (base 2) to base 9
1
Convert -28 (base 12) to base 9.
-35
202 (base 3) to base 6
32
Convert a5 (base 16) to base 13.
c9
Convert -13 (base 6) to base 4.
-21
What is 112 (base 4) in base 16?
16
What is -8 (base 15) in base 10?
-8
What is 1 (base 11) in base 3?
1
17 (base 11) to base 4
102
What is -9 (base 15) in base 3?
-100
8 (base 9) to base 11
8
Convert -224 (base 6) to base 4.
-1120
Convert -32 (base 15) to base 6.
-115
What is 10 (base 5) in base 2?
101
Convert -18 (base 13) to base 12.
-19
-74 (base 15) to base 14
-7b
Convert -200 (base 4) to base 12.
-28
-66 (base 9) to base 4
-330
Convert -3 (base 16) to base 12.
-3
Convert 11 (base 14) to base 10.
15
-8 (base 11) to base 12
-8
Convert 100000011 (base 2) to base 10.
259
Convert 66 (base 10) to base 15.
46
What is 1a (base 11) in base 10?
21
What is 33 (base 6) in base 3?
210
What is -10001101 (base 2) in base 4?
-2031
What is -3a (base 13) in base 7?
-100
What is -13 (base 13) in base 7?
-22
-2 (base 4) to base 11
-2
-112 (base 12) to base 3
-12212
0 (base 16) to base 5
0
What is -162 (base 7) in base 16?
-5d
What is 14 (base 11) in base 15?
10
-24 (base 14) to base 6
-52
Convert 3 (base 7) to base 4.
3
-100 (base 2) to base 6
-4
-4 (base 10) to base 3
-11
1 (base 3) to base 7
1
Convert -32 (base 15) to base 13.
-38
3 (base 8) to base 9
3
What is -15 (base 15) in base 3?
-2